ose d + 3 = 4. Let s(j) = 11*j - 5. Let i be s(d). Suppose 2 = -4*m + i. What is b(m)?
-5
Let s be 5 - -3*(8/6)/4. Let t(m) = m**3 - 5*m**2 + 2*m - 25. Let o be t(s). Let x(c) = 12*c - 1 - 8*c**2 + o*c**2 - 10*c. Give x(1).
16
Let j = 2116 - 2125. Let s(y) = y. Let w(p) = -4*p + 5. Let m(z) = 3*s(z) + w(z). What is m(j)?
14
Let m(o) = 3*o**2 + 4*o - 8. Let f be m(2). Let c(q) = -f + 22 - 10 - 5 - 2*q + 0*q. Determine c(-4).
3
Let n(x) = 11*x - 35. Let g be n(4). Let b(v) = -5 - g - 6*v**3 + v - 1 + 14. Suppose -4*y + 4*p = -16, -4*p = 5*y - 5*p - 8. Determine b(y).
-6
Let m(j) = 3 + 4*j - 14*j - 2*j**2 + 12*j. Suppose 161*f = 158*f - 6. Let h be ((-96)/(-64))/((-1)/f). Determine m(h).
-9
Let t(u) = 1644*u - 1681*u + 0*u**2 - 3*u**2 - 25. What is t(-12)?
-13
Suppose 0 = -110*n + 108*n + 18. Let g(f) = 6*f**2 - 17*f**3 - n + 30*f**3 + f + 2*f**2 - 14*f**3. What is g(8)?
-1
Let j(x) = 5*x - 55 + 7 + 0*x + 0*x. Let z be j(9). Let h(s) be the third derivative of -s**4/12 + s**3/3 + 8*s**2. Determine h(z).
8
Let j(d) be the third derivative of 3*d**6/40 - d**5/60 - d**4/12 + d**3/3 - 919*d**2. What is j(1)?
8
Let h(p) be the first derivative of p**2/2 + p - 13. Suppose -34 + 7 = 9*z. Let x be (2/z)/(3/27). What is h(x)?
-5
Let w(r) = -5*r + 3 + r**3 + 15 + 2*r + 11*r**2 + 7*r + 17*r. What is w(-9)?
-9
Let q be (-72)/(-20) - (-6)/15. Let l(i) = -2*i - 5 - 46*i**3 + 45*i**3 + 4*i**2 + 0*i**2. Determine l(q).
-13
Let w(h) = -h + 24*h + 8*h + 3*h + 42*h**2 - 40*h**2 - 40. Determine w(-18).
-4
Let d(u) = 13*u**3 - 103*u**2 - 5*u + 1. Let h(v) = 3*v**3 - 23*v**2 - v. Let o(g) = -2*d(g) + 9*h(g). Give o(0).
-2
Let i(r) = r**3 + 9*r**2 + 7*r - 2. Let g be (-378)/(-99) + -3 + (-2)/(-11). Let t be g + -8 + 3/(-3 + 0). What is i(t)?
6
Let b = -45 + 49. Let q(z) = z - 12. Let o be q(14). Let c(a) = a**o + 7*a - 6*a**2 - 5 + 4*a**2. Give c(b).
7
Let o(c) = 6*c + 95. Let d(u) = u + 31. Let a(z) = 4*d(z) - o(z). Calculate a(-23).
75
Let f(z) = 5*z + 270. Let u be f(-54). Let l(c) be the third derivative of c**4/12 - 17*c**3/6 - 3*c**2. What is l(u)?
-17
Suppose 17*n + 7*n - 696 = 0. Suppose -14 = -2*p + 2*g - 6, 4*g = -5*p + n. Let x(b) = -b**2 + 8*b - 7. Determine x(p).
8
Suppose 6*r - 35 = 91. Let m = -15 + r. Let o(z) = -5*z + z - z + 2 + m*z. Calculate o(-4).
-2
Suppose -4*l + 12 = -2*s, 13*s = -l + 9*s - 15. Let d be (5 - (-27)/(-6))/(l/(-2)). Let c(i) = -4*i**2 + i + 1. What is c(d)?
-4
Suppose 0*x + 10*x = -x + 5*x. Let q(c) = -4*c. Calculate q(x).
0
Let j(y) = -3*y**3 + y**2 - y + 1. Let s(b) = -7*b - 34*b**3 + 18*b**3 + 6 + b + 6*b**2. Let h(q) = 22*j(q) - 4*s(q). Calculate h(-3).
28
Let p(o) be the third derivative of -o**6/120 + 7*o**5/60 + 35*o**4/24 - 22*o**3/3 + 36*o**2 + 10. Give p(10).
6
Let w(q) = 2*q**3 + 3*q**2 + 10*q - 24. Let x be w(3). Suppose -x + 81 = -3*r. Let p(s) = -3*s + 1 + s - 2*s. Determine p(r).
-7
Let l(r) be the third derivative of r**5/15 + 11*r**4/24 - 5*r**3/3 + 1511*r**2. Determine l(1).
5
Suppose 3*y - 18 = -0*y. Let n(j) be the second derivative of -2*j**3/3 + 25*j**2/2 - j - 346. Let z be n(y). Let l(v) = -9*v. Give l(z).
-9
Suppose -4*z = -3*d + 14 - 2, 0 = -4*z - 12. Suppose -2*k + 4 = -d*k. Let l(r) = -5*r**k + 8 - 3*r**2 - r**3 + 2*r + 2*r**2. Give l(-6).
-4
Let g(m) = -4 - 234*m - 214*m + 449*m - m**2. Suppose a - 3*a = 3*p - 18, -31 = -5*a - 4*p. Let z be (1 + -1)/(a - 1). What is g(z)?
-4
Suppose 0 = 5*x - 173 - 517. Let w = -144 + x. Let i(c) = c**3 + 5*c**2 - 5*c + 4. Give i(w).
-2
Let p(f) = -15*f**2 - f - f + f + 20*f**2 - 4. Suppose -7*n = 6*n + 4*r - 47, -4*n = r - 14. Give p(n).
38
Suppose 3*d + 5 + 7 = -5*w, -2*d = 5*w + 13. Let b(x) = x + d - x - x. Suppose -k + 2*k + 3 = -3*y, -4*k + 6 = 3*y. What is b(y)?
3
Let l(y) be the first derivative of y**4/4 - 5*y**3/3 - 3*y**2 + 4*y - 493. Let r = -60 - -37. Let x = 29 + r. Determine l(x).
4
Let h = -21 - -14. Let c(l) = -2*l**2. Let j(o) = 5*o**2 - o + 1. Let s(k) = h*c(k) - 3*j(k). Suppose -2751*b + 25 = -2746*b. Give s(b).
-13
Let a(k) be the second derivative of k**5/20 + 7*k**4/12 - 2*k**3/3 - 7*k**2/2 + 3*k + 491. Calculate a(-8).
-39
Let z(r) = r**3 + 4*r**2 - 5*r - 4. Let d(v) = v**3 + v**2 - 9*v + 102. Let u be d(0). Let n = 98 - u. Calculate z(n).
16
Suppose 2*c - 10*c + 96 = 0. Let b(v) = 9*v - 30*v + 6*v + c*v + 2. Let t be (1 + 0)*1 + -6. Calculate b(t).
17
Let m(k) be the first derivative of 14 + 2*k + 1/2*k**2. Suppose w = -61 + 58. Determine m(w).
-1
Let k(m) be the first derivative of -m**4/4 + 10*m**3/3 + m**2 - 13*m + 349. What is k(10)?
7
Let z(n) be the third derivative of -n**4/24 + 5*n**3/6 - 965*n**2 - 2*n. Calculate z(0).
5
Let b(n) be the first derivative of -n**3/3 + 15*n**2/2 + 90*n + 2246. What is b(21)?
-36
Suppose -7527 + 7575 = 8*t. Let i(w) = 10*w**2 - 60*w - 6. Determine i(t).
-6
Suppose 4*y + 2*n = 14, y - 292*n + 288*n = 35. Let r(d) = -90 + 2*d + 50 + 47. What is r(y)?
21
Let h(u) = -3*u - 4. Let s = 43 - 40. Let n be (2/s)/((-16)/72) - 0. Let c be (45/10)/(n/4). Give h(c).
14
Let w(j) = -5*j**2 + 7*j - 6. Let z(p) = 6*p**2 - 6*p + 5. Let l(i) = 5*w(i) + 6*z(i). Let f be -1 - (-9)/15 - 60/(-25). Suppose -95 + 97 = f*t. What is l(t)?
10
Let x(p) = -16*p - 25. Let q(o) = 3*o + 5. Let k(h) = -11*q(h) - 2*x(h). Let l(a) = -a - 3. Let r(v) = -4*k(v) + 3*l(v). Calculate r(-5).
6
Let n(y) = 2*y**2 - 14*y - 12. Let a(f) = 419*f + 845. Let x be a(-2). Determine n(x).
-12
Let r(s) = -s + 9. Let k(q) = 14*q**3 + q**2 + 6*q - 6. Let h(x) = 6*x + 115. Let c be h(-19). Let y be k(c). Give r(y).
-6
Suppose 0 = -4*u + 20, 17*u - 75 = 4*g + 18*u. Let c = -26 - g. Let k(t) = t**3 + 5*t**2 - 6*t - 6. Give k(c).
-6
Let m(n) be the second derivative of n**7/1260 - n**6/180 + n**5/120 - n**4/12 + 16*n**2 + 25*n - 3. Let x(q) be the third derivative of m(q). Give x(3).
7
Let k(w) = 13*w**3 - 4*w**2 + 7*w - 4. Let v(d) = -3*d**3 - d + 1. Let a(f) = 2*f + 26. Let j be a(-15). Let m(z) = j*v(z) - k(z). Give m(3).
0
Let l(w) = -3*w + 6. Let s(p) = 10*p - 18. Let y(b) = 7*l(b) + 2*s(b). Let a(u) = -216 - 210 - 222 + 651. Let x(g) = 7*a(g) - 4*y(g). Determine x(4).
13
Let a(l) = 4*l**2. Let t be a(1). Suppose -3*b - 2*k = -19, -t*k + 21 = 4*b - 3. Let r(h) = 10 + 3*h + 8*h**3 + 15*h**2 - 8*h**2 - b*h**3. Calculate r(-7).
-11
Let p(k) = 0 - 3*k + 0 + 2. Let i(d) = -96*d**2 - 3*d - 8. Let w be i(2). Let s = 403 + w. Give p(s).
-13
Let h(j) = -14*j + 10. Let k be (1 - 85/45)/(46/207). Give h(k).
66
Suppose 5*z - 3*z - 16 = 0. Suppose 7 = 3*h - z. Let q(j) = 21*j**3 - 7 - 5*j**2 - 20*j**3 + 3*j - 3*j. Determine q(h).
-7
Suppose -z = 5*r - 39, -8*r + 7*r - 5 = -3*z. Let p(x) = -25*x + 175. Determine p(r).
0
Let i(k) = -132 - 142 + 11*k + 278. Calculate i(-8).
-84
Suppose 0 = -j + v + 5, 3*v + 1 = 2*v. Let u(k) be the first derivative of -2*k + j + 0 + 78*k**2 - 4*k - 77*k**2. Give u(-6).
-18
Let u(y) = -7*y - 22. Let f(g) = -3*g - 11. Let n(x) = -5*f(x) + 2*u(x). Suppose j + 749*o + 32 = 745*o, -3*o = 9. Determine n(j).
-9
Let i be (2 + 5)/(-49) + 8/56. Let z(r) be the second derivative of 2*r - 1/6*r**4 - 1/3*r**3 + i + 1/2*r**2. Give z(-2).
-3
Let b(s) = -6*s**3 - s + 1. Let v(c) = -c**3 - 3*c**2 + 5. Suppose -q + 3 = -2*k, -7 + 8 = k - 3*q. Let a be v(k). Determine b(a).
-6
Suppose -3*k = 3*t + 9, 0*t + 3*k = -t - 13. Let h(m) = -149*m**2 - 3*m - 2. Let l(f) = -3391*f**2 - 68*f - 46. Let i(q) = -91*h(q) + 4*l(q). Give i(t).
-20
Let g be ((-12)/5)/(105/(-8750)). Let y(b) = -4 + 199*b**2 + b**3 - 2 - 1 - 395*b**2 + g*b**2. Give y(-4).
-7
Let j(c) = -54*c + 10. Suppose -15 = -4*y + p, -p = -3*y - 8*p - 43. Calculate j(y).
-98
Suppose -99*n = -463 - 230. Let x(r) = -2*r**2 + 7*r + 52. Determine x(n).
3
Suppose 4*g + 27 = 7. Let n(m) = -2 + 24 - 11 + 5*m - 6 - 2 - 4. Determine n(g).
-26
Suppose 0 = 13*q - 16*q, 5*q = 2*u + 2*q - 48. Let h(x) = x - 19. Determine h(u).
5
Let j(o) = -12*o**2 - 15*o - 14. Let d(u) = -13*u**2 - u - 1. Let n(p) = d(p) - j(p). Give n(12).
37
Let t be (468/(-130))/((-2)/(-5)) + 10. Let a(s) = 21*s**2 + 11*s - 11. What is a(t)?
21
Let d(m) = -2*m**3 + 10*m**2 - m + 2. Suppose 18*p + 221 = -38*p + 501. Determine d(p).
-3
Let x(t) = -4*t**2 + 9*t + 14. Let p be ((-6)/(-24))/(3/(-6)) - (-5)/(-2). What is x(p)?
-49
Let g(y) be the second